 is divided by 4955?
8
Calculate the remainder when 14949382 is divided by 14949281.
101
What is the remainder when 16093 is divided by 1787?
10
Calculate the remainder when 6956621 is divided by 811.
674
Calculate the remainder when 244063 is divided by 3270.
2083
Calculate the remainder when 100514871 is divided by 240.
231
What is the remainder when 4119768 is divided by 463?
457
Calculate the remainder when 685911 is divided by 342542.
827
Calculate the remainder when 114983 is divided by 224.
71
What is the remainder when 333195 is divided by 6165?
285
What is the remainder when 159682 is divided by 8876?
8790
What is the remainder when 144059 is divided by 323?
1
What is the remainder when 691090 is divided by 2742?
106
What is the remainder when 240340286 is divided by 1381266?
2
Calculate the remainder when 65284 is divided by 1381.
377
What is the remainder when 3132 is divided by 676?
428
What is the remainder when 29026 is divided by 14493?
40
Calculate the remainder when 1636855 is divided by 296.
271
Calculate the remainder when 3736978 is divided by 216.
178
Calculate the remainder when 7408426 is divided by 1525.
1501
What is the remainder when 3598 is divided by 881?
74
Calculate the remainder when 63031 is divided by 1050.
31
What is the remainder when 114822 is divided by 187?
4
What is the remainder when 109637222 is divided by 4?
2
Calculate the remainder when 5949785 is divided by 146.
139
What is the remainder when 41687 is divided by 41683?
4
Calculate the remainder when 1727789 is divided by 9873.
14
What is the remainder when 968517 is divided by 178?
19
Calculate the remainder when 5169779 is divided by 105.
104
What is the remainder when 181384 is divided by 90409?
566
What is the remainder when 97740 is divided by 43584?
10572
Calculate the remainder when 43613068 is divided by 3354851.
5
What is the remainder when 326848 is divided by 65216?
768
What is the remainder when 3331870 is divided by 832877?
362
What is the remainder when 552396 is divided by 12?
0
What is the remainder when 226734 is divided by 56676?
30
Calculate the remainder when 54876253 is divided by 18384.
13
What is the remainder when 361707 is divided by 719?
50
Calculate the remainder when 8750903 is divided by 19.
16
What is the remainder when 155605 is divided by 11963?
86
What is the remainder when 33181980 is divided by 2293?
2270
What is the remainder when 97642704 is divided by 115?
114
What is the remainder when 48259469 is divided by 11302?
11231
What is the remainder when 2849839 is divided by 28?
27
Calculate the remainder when 2766803 is divided by 130.
13
What is the remainder when 8501256 is divided by 340050?
6
Calculate the remainder when 90283 is divided by 50.
33
Calculate the remainder when 1588724 is divided by 561.
533
What is the remainder when 21123997 is divided by 9?
7
Calculate the remainder when 75979 is divided by 1423.
560
Calculate the remainder when 710291 is divided by 582.
251
Calculate the remainder when 223949 is divided by 44767.
114
Calculate the remainder when 2037869 is divided by 509465.
9
What is the remainder when 214812 is divided by 19507?
235
What is the remainder when 2847737 is divided by 30?
17
What is the remainder when 54716 is divided by 1137?
140
Calculate the remainder when 23607742 is divided by 23607734.
8
What is the remainder when 555259 is divided by 579?
577
Calculate the remainder when 8108 is divided by 2674.
86
Calculate the remainder when 237044 is divided by 324.
200
Calculate the remainder when 35202 is divided by 34948.
254
Calculate the remainder when 465206 is divided by 92956.
426
Calculate the remainder when 51428 is divided by 1098.
920
Calculate the remainder when 191107 is divided by 1970.
17
Calculate the remainder when 31542464 is divided by 1061.
1056
Calculate the remainder when 43303490 is divided by 583.
582
Calculate the remainder when 29331418 is divided by 2258.
2256
Calculate the remainder when 297150 is divided by 362.
310
Calculate the remainder when 3129588 is divided by 178.
170
What is the remainder when 12568 is divided by 4593?
3382
Calculate the remainder when 499666 is divided by 114.
4
What is the remainder when 2765999 is divided by 110631?
224
What is the remainder when 179690 is divided by 252?
14
Calculate the remainder when 36684 is divided by 8937.
936
Calculate the remainder when 102897 is divided by 1460.
697
Calculate the remainder when 46481 is divided by 4619.
291
What is the remainder when 12218 is divided by 3799?
821
Calculate the remainder when 14093319 is divided by 67432.
31
What is the remainder when 23192728 is divided by 1104415?
13
Calculate the remainder when 4181100 is divided by 2090521.
58
Calculate the remainder when 72039698 is divided by 22.
16
What is the remainder when 14316 is divided by 846?
780
Calculate the remainder when 96966 is divided by 36.
18
What is the remainder when 493318 is divided by 93?
46
Calculate the remainder when 73134947 is divided by 43.
31
Calculate the remainder when 10864409 is divided by 571810.
19
What is the remainder when 3596002 is divided by 326909?
3
Calculate the remainder when 1204355 is divided by 2325.
5
Calculate the remainder when 2320749 is divided by 9711.
9531
Calculate the remainder when 82890 is divided by 2368.
10
What is the remainder when 3923837 is divided by 16416?
413
What is the remainder when 1743563 is divided by 49816?
3
Calculate the remainder when 10969 is divided by 2277.
1861
Calculate the remainder when 17587790 is divided by 40.
30
What is the remainder when 1440415 is divided by 586?
27
Calculate the remainder when 329886 is divided by 1416.
1374
What is the remainder when 83267114 is divided by 16?
10
What is the remainder when 403914 is divided by 138?
126
What is the remainder when 40958391 is divided by 38?
15
What is the remainder when 1439168 is divided by 34?
16
Calculate the remainder when 41243 is divided by 20548.
147
Calculate the remainder when 169973381 is divided by 2521.
2519
What is the remainder when 5601283 is divided by 28?
23
Calculate the remainder when 6987950 is divided by 60.
50
Calculate the remainder when 21324057 is divided by 341.
304
Calculate the remainder when 1728088 is divided by 155.
148
What is the remainder when 6581929 is divided by 179?
99
Calculate the remainder when 5995 is divided by 1000.
995
What is the remainder when 773 is divided by 345?
83
What is the remainder when 1214129 is divided by 876?
869
Calculate the remainder when 7694833 is divided by 322.
321
Calculate the remainder when 1110118 is divided by 699.
106
Calculate the remainder when 71508 is divided by 366.
138
Calculate the remainder when 596922 is divided by 380.
322
Calculate the remainder when 149418206 is divided by 1667.
1662
What is the remainder when 764864934 is divided by 44?
42
What is the remainder when 111054 is divided by 1262?
1260
Calculate the remainder when 460682 is divided by 174.
104
What is the remainder when 48522175 is divided by 1990?
5
Calculate the remainder when 138717 is divided by 1902.
1773
What is the remainder when 1332300 is divided by 17?
10
What is the remainder when 1251787 is divided by 250354?
17
Calculate the remainder when 558695 is divided by 616.
599
What is the remainder when 17868515 is divided by 1120?
35
What is the remainder when 63480 is divided by 11?
10
What is the remainder when 1741458 is divided by 5139?
4476
What is the remainder when 26544528 is divided by 26544496?
32
Calculate the remainder when 131450349 is divided by 176.
173
Calculate the remainder when 1740754 is divided by 580250.
4
Calculate the remainder when 2276498 is divided by 54.
20
What is the remainder when 2803456 is divided by 318?
286
Calculate the remainder when 6148797 is divided by 9069.
15
Calculate the remainder when 9459 is divided by 766.
267
What is the remainder when 7272547 is divided by 242415?
97
Calculate the remainder when 159729177 is divided by 2086.
2071
Calculate the remainder when 268220 is divided by 33483.
356
What is the remainder when 35611306 is divided by 5441?
5402
Calculate the remainder when 40241 is divided by 16.
1
What is the remainder when 136675 is divided by 45383?
526
Calculate the remainder when